{"id":10017,"date":"2018-07-31T21:51:05","date_gmt":"2018-07-31T21:51:05","guid":{"rendered":"http:\/\/teehead.ee\/Galerii%201\/?page_id=10017"},"modified":"2018-08-01T08:50:23","modified_gmt":"2018-08-01T08:50:23","slug":"meie-pere-suvelaager-2018","status":"publish","type":"page","link":"https:\/\/teehead.ee\/Galerii%201\/?page_id=10017","title":{"rendered":"Meie Pere Suvelaager 2018"},"content":{"rendered":"<p>&#8220;Meie Pere Suvelaager 2018&#8221; K\u00e4\u00e4riku spordikompleksis. Fotode autorid on&nbsp;<strong>Katre Helena K\u00f5rboja ja Charis Carola Leppik<\/strong><\/p>\nngg_shortcode_0_placeholder\nngg_shortcode_1_placeholder\n","protected":false},"excerpt":{"rendered":"<p>&#8220;Meie Pere Suvelaager 2018&#8221; K\u00e4\u00e4riku spordikompleksis. Fotode autorid on&nbsp;Katre Helena K\u00f5rboja ja Charis Carola Leppik<\/p>\n","protected":false},"author":1,"featured_media":0,"parent":10015,"menu_order":0,"comment_status":"closed","ping_status":"closed","template":"page-templates\/full-width.php","meta":{"ngg_post_thumbnail":0,"footnotes":""},"class_list":["post-10017","page","type-page","status-publish","hentry"],"_links":{"self":[{"href":"https:\/\/teehead.ee\/Galerii%201\/index.php?rest_route=\/wp\/v2\/pages\/10017","targetHints":{"allow":["GET"]}}],"collection":[{"href":"https:\/\/teehead.ee\/Galerii%201\/index.php?rest_route=\/wp\/v2\/pages"}],"about":[{"href":"https:\/\/teehead.ee\/Galerii%201\/index.php?rest_route=\/wp\/v2\/types\/page"}],"author":[{"embeddable":true,"href":"https:\/\/teehead.ee\/Galerii%201\/index.php?rest_route=\/wp\/v2\/users\/1"}],"replies":[{"embeddable":true,"href":"https:\/\/teehead.ee\/Galerii%201\/index.php?rest_route=%2Fwp%2Fv2%2Fcomments&post=10017"}],"version-history":[{"count":4,"href":"https:\/\/teehead.ee\/Galerii%201\/index.php?rest_route=\/wp\/v2\/pages\/10017\/revisions"}],"predecessor-version":[{"id":10107,"href":"https:\/\/teehead.ee\/Galerii%201\/index.php?rest_route=\/wp\/v2\/pages\/10017\/revisions\/10107"}],"up":[{"embeddable":true,"href":"https:\/\/teehead.ee\/Galerii%201\/index.php?rest_route=\/wp\/v2\/pages\/10015"}],"wp:attachment":[{"href":"https:\/\/teehead.ee\/Galerii%201\/index.php?rest_route=%2Fwp%2Fv2%2Fmedia&parent=10017"}],"curies":[{"name":"wp","href":"https:\/\/api.w.org\/{rel}","templated":true}]}}

<p>&#8220;Meie Pere Suvelaager 2018&#8221; Kääriku spordikompleksis. Fotode autorid on&nbsp;<strong>Katre Helena Kõrboja ja Charis Carola Leppik</strong></p>
ngg_shortcode_0_placeholder
ngg_shortcode_1_placeholder

<p>&#8220;Meie Pere Suvelaager 2018&#8221; Kääriku spordikompleksis. Fotode autorid on&nbsp;Katre Helena Kõrboja ja Charis Carola Leppik</p>
