{"id":11624,"date":"2022-06-22T12:00:04","date_gmt":"2022-06-22T12:00:04","guid":{"rendered":"https:\/\/teehead.ee\/Galerii%201\/?page_id=11624"},"modified":"2022-06-22T12:11:33","modified_gmt":"2022-06-22T12:11:33","slug":"meie-pere-suvelaager-2022","status":"publish","type":"page","link":"https:\/\/teehead.ee\/Galerii%201\/?page_id=11624","title":{"rendered":"Meie pere Suvelaager 2022"},"content":{"rendered":"\n<p>&#8220;Meie Pere Suvelaager 2022&#8221; toimus V\u00e4\u00e4tsa spordihoones. Fotode autorid on&nbsp;<strong>Katre Helena K\u00f5rboja <\/strong>ja <strong>Jaan Lehismets<\/strong><\/p>\n\n\n<p>ngg_shortcode_0_placeholder<br \/>\nngg_shortcode_1_placeholder<\/p>\n","protected":false},"excerpt":{"rendered":"<p>&#8220;Meie Pere Suvelaager 2022&#8221; toimus V\u00e4\u00e4tsa spordihoones. Fotode autorid on&nbsp;Katre Helena K\u00f5rboja ja Jaan Lehismets<\/p>\n","protected":false},"author":1,"featured_media":0,"parent":11621,"menu_order":0,"comment_status":"closed","ping_status":"closed","template":"page-templates\/full-width.php","meta":{"ngg_post_thumbnail":0,"footnotes":""},"class_list":["post-11624","page","type-page","status-publish","hentry"],"_links":{"self":[{"href":"https:\/\/teehead.ee\/Galerii%201\/index.php?rest_route=\/wp\/v2\/pages\/11624","targetHints":{"allow":["GET"]}}],"collection":[{"href":"https:\/\/teehead.ee\/Galerii%201\/index.php?rest_route=\/wp\/v2\/pages"}],"about":[{"href":"https:\/\/teehead.ee\/Galerii%201\/index.php?rest_route=\/wp\/v2\/types\/page"}],"author":[{"embeddable":true,"href":"https:\/\/teehead.ee\/Galerii%201\/index.php?rest_route=\/wp\/v2\/users\/1"}],"replies":[{"embeddable":true,"href":"https:\/\/teehead.ee\/Galerii%201\/index.php?rest_route=%2Fwp%2Fv2%2Fcomments&post=11624"}],"version-history":[{"count":4,"href":"https:\/\/teehead.ee\/Galerii%201\/index.php?rest_route=\/wp\/v2\/pages\/11624\/revisions"}],"predecessor-version":[{"id":11634,"href":"https:\/\/teehead.ee\/Galerii%201\/index.php?rest_route=\/wp\/v2\/pages\/11624\/revisions\/11634"}],"up":[{"embeddable":true,"href":"https:\/\/teehead.ee\/Galerii%201\/index.php?rest_route=\/wp\/v2\/pages\/11621"}],"wp:attachment":[{"href":"https:\/\/teehead.ee\/Galerii%201\/index.php?rest_route=%2Fwp%2Fv2%2Fmedia&parent=11624"}],"curies":[{"name":"wp","href":"https:\/\/api.w.org\/{rel}","templated":true}]}}

<p>&#8220;Meie Pere Suvelaager 2022&#8221; toimus Väätsa spordihoones. Fotode autorid on&nbsp;<strong>Katre Helena Kõrboja </strong>ja <strong>Jaan Lehismets</strong></p>


<p>ngg_shortcode_0_placeholder<br />
ngg_shortcode_1_placeholder</p>

<p>&#8220;Meie Pere Suvelaager 2022&#8221; toimus Väätsa spordihoones. Fotode autorid on&nbsp;Katre Helena Kõrboja ja Jaan Lehismets</p>
