{"id":173,"date":"2014-04-21T18:09:51","date_gmt":"2014-04-21T18:09:51","guid":{"rendered":"http:\/\/teehead.ee\/Galerii%201\/?page_id=173"},"modified":"2020-01-20T20:12:26","modified_gmt":"2020-01-20T20:12:26","slug":"2014-2","status":"publish","type":"page","link":"https:\/\/teehead.ee\/Galerii%201\/?page_id=173","title":{"rendered":"2014"},"content":{"rendered":"<p><span style=\"color: #555555;\">19.04.2014 &#8211; <a title=\"S\u00f5naga n\u00e4kku 2\" href=\"http:\/\/teehead.ee\/Galerii%201\/?page_id=254\">&#8220;<\/a><\/span><a title=\"S\u00f5naga n\u00e4kku 2\" href=\"http:\/\/teehead.ee\/Galerii%201\/?page_id=254\">S\u00f5naga n\u00e4kku 2&#8243; raamatu esitlus Tallinnas N\u00f5mme kultuurikeskuses<\/a><\/p>\n<p>24.05.2014 &#8211; <a title=\"Ilmunud raamatute esitlus\" href=\"http:\/\/teehead.ee\/Galerii%201\/?page_id=326\">Ilmunud raamatute esitlus Tallinnas, Viru keskuse Rahva Raamatu poes<\/a><\/p>\n<p>01.06.2014 &#8211; <a title=\"Lastekaitsep\u00e4ev 2014\" href=\"http:\/\/teehead.ee\/Galerii%201\/?page_id=360\">Lastekaitsep\u00e4ev 2014<\/a><\/p>\n<p>06.06.2014 &#8211;&nbsp;<a title=\"\u201cTuusik teisele kaldale\u201d ja \u201cOotamatud teed\u201d esitlus\" href=\"http:\/\/teehead.ee\/Galerii%201\/?page_id=942\">\u201cTuusik teisele kaldale\u201d ja \u201cOotamatud teed\u201d esitlus<\/a><\/p>\n","protected":false},"excerpt":{"rendered":"<p>19.04.2014 &#8211; &#8220;S\u00f5naga n\u00e4kku 2&#8243; raamatu esitlus Tallinnas N\u00f5mme kultuurikeskuses 24.05.2014 &#8211; Ilmunud raamatute esitlus Tallinnas, Viru keskuse Rahva Raamatu poes 01.06.2014 &#8211; Lastekaitsep\u00e4ev 2014 06.06.2014 &#8211;&nbsp;\u201cTuusik teisele kaldale\u201d ja \u201cOotamatud teed\u201d esitlus<\/p>\n","protected":false},"author":1,"featured_media":0,"parent":0,"menu_order":15,"comment_status":"open","ping_status":"open","template":"page-templates\/front-page.php","meta":{"ngg_post_thumbnail":0,"footnotes":""},"class_list":["post-173","page","type-page","status-publish","hentry"],"_links":{"self":[{"href":"https:\/\/teehead.ee\/Galerii%201\/index.php?rest_route=\/wp\/v2\/pages\/173","targetHints":{"allow":["GET"]}}],"collection":[{"href":"https:\/\/teehead.ee\/Galerii%201\/index.php?rest_route=\/wp\/v2\/pages"}],"about":[{"href":"https:\/\/teehead.ee\/Galerii%201\/index.php?rest_route=\/wp\/v2\/types\/page"}],"author":[{"embeddable":true,"href":"https:\/\/teehead.ee\/Galerii%201\/index.php?rest_route=\/wp\/v2\/users\/1"}],"replies":[{"embeddable":true,"href":"https:\/\/teehead.ee\/Galerii%201\/index.php?rest_route=%2Fwp%2Fv2%2Fcomments&post=173"}],"version-history":[{"count":5,"href":"https:\/\/teehead.ee\/Galerii%201\/index.php?rest_route=\/wp\/v2\/pages\/173\/revisions"}],"predecessor-version":[{"id":10684,"href":"https:\/\/teehead.ee\/Galerii%201\/index.php?rest_route=\/wp\/v2\/pages\/173\/revisions\/10684"}],"wp:attachment":[{"href":"https:\/\/teehead.ee\/Galerii%201\/index.php?rest_route=%2Fwp%2Fv2%2Fmedia&parent=173"}],"curies":[{"name":"wp","href":"https:\/\/api.w.org\/{rel}","templated":true}]}}