{"id":34,"date":"2013-01-05T09:48:44","date_gmt":"2013-01-05T09:48:44","guid":{"rendered":"http:\/\/teehead.ee\/Galerii%201\/?page_id=34"},"modified":"2020-01-20T20:10:52","modified_gmt":"2020-01-20T20:10:52","slug":"2009-2","status":"publish","type":"page","link":"https:\/\/teehead.ee\/Galerii%201\/?page_id=34","title":{"rendered":"2009"},"content":{"rendered":"<p>2009 aastal korraldasime 2 \u00fcritust:<\/p>\n<p><a title=\"Kadrip\u00e4ev 2009\" href=\"http:\/\/teehead.ee\/Galerii%201\/?page_id=25\">Kadrip\u00e4eva t\u00e4histamine<\/a>&nbsp;&#8211; Hiiumaal, Palade koolis (25.11.2012)<br \/>\n<a title=\"J\u00f5ulupidu 2009\" href=\"http:\/\/teehead.ee\/Galerii%201\/?page_id=15\">&#8220;Meie pere j\u00f5ulupidu&#8221; 2009<\/a>&nbsp;&#8211; J\u00e4rvamaal, Paide spordihallis (26.12.2012)<\/p>\n","protected":false},"excerpt":{"rendered":"<p>2009 aastal korraldasime 2 \u00fcritust: Kadrip\u00e4eva t\u00e4histamine&nbsp;&#8211; Hiiumaal, Palade koolis (25.11.2012) &#8220;Meie pere j\u00f5ulupidu&#8221; 2009&nbsp;&#8211; J\u00e4rvamaal, Paide spordihallis (26.12.2012)<\/p>\n","protected":false},"author":1,"featured_media":0,"parent":0,"menu_order":20,"comment_status":"open","ping_status":"open","template":"page-templates\/front-page.php","meta":{"ngg_post_thumbnail":0,"footnotes":""},"class_list":["post-34","page","type-page","status-publish","hentry"],"_links":{"self":[{"href":"https:\/\/teehead.ee\/Galerii%201\/index.php?rest_route=\/wp\/v2\/pages\/34","targetHints":{"allow":["GET"]}}],"collection":[{"href":"https:\/\/teehead.ee\/Galerii%201\/index.php?rest_route=\/wp\/v2\/pages"}],"about":[{"href":"https:\/\/teehead.ee\/Galerii%201\/index.php?rest_route=\/wp\/v2\/types\/page"}],"author":[{"embeddable":true,"href":"https:\/\/teehead.ee\/Galerii%201\/index.php?rest_route=\/wp\/v2\/users\/1"}],"replies":[{"embeddable":true,"href":"https:\/\/teehead.ee\/Galerii%201\/index.php?rest_route=%2Fwp%2Fv2%2Fcomments&post=34"}],"version-history":[{"count":5,"href":"https:\/\/teehead.ee\/Galerii%201\/index.php?rest_route=\/wp\/v2\/pages\/34\/revisions"}],"predecessor-version":[{"id":10675,"href":"https:\/\/teehead.ee\/Galerii%201\/index.php?rest_route=\/wp\/v2\/pages\/34\/revisions\/10675"}],"wp:attachment":[{"href":"https:\/\/teehead.ee\/Galerii%201\/index.php?rest_route=%2Fwp%2Fv2%2Fmedia&parent=34"}],"curies":[{"name":"wp","href":"https:\/\/api.w.org\/{rel}","templated":true}]}}

<p>2009 aastal korraldasime 2 üritust:</p>
<p><a title="Kadripäev 2009" href="http://teehead.ee/Galerii%201/?page_id=25">Kadripäeva tähistamine</a>&nbsp;&#8211; Hiiumaal, Palade koolis (25.11.2012)<br />
<a title="Jõulupidu 2009" href="http://teehead.ee/Galerii%201/?page_id=15">&#8220;Meie pere jõulupidu&#8221; 2009</a>&nbsp;&#8211; Järvamaal, Paide spordihallis (26.12.2012)</p>

<p>2009 aastal korraldasime 2 üritust: Kadripäeva tähistamine&nbsp;&#8211; Hiiumaal, Palade koolis (25.11.2012) &#8220;Meie pere jõulupidu&#8221; 2009&nbsp;&#8211; Järvamaal, Paide spordihallis (26.12.2012)</p>
