{"id":45,"date":"2013-01-05T09:57:35","date_gmt":"2013-01-05T09:57:35","guid":{"rendered":"http:\/\/teehead.ee\/Galerii%201\/?page_id=45"},"modified":"2020-01-20T20:11:33","modified_gmt":"2020-01-20T20:11:33","slug":"2011-2","status":"publish","type":"page","link":"https:\/\/teehead.ee\/Galerii%201\/?page_id=45","title":{"rendered":"2011"},"content":{"rendered":"<p>2011 aastal korraldasime 3 \u00fcritust:<\/p>\n<p>Arvutipiljardi meistriv\u00f5istlused 2011 &#8211; Tallinnas, Tallinna Pol\u00fctehnikumi ruumes (28.05.2011) &#8211; kahjuks ei olnud sel korral aega pilte teha<a title=\"Sahtlist netti 2011\" href=\"http:\/\/teehead.ee\/Galerii%201\/?page_id=58\"><br \/>\nLuulekonkursi &#8220;Sahtlist netti&#8221; l\u00f5pp\u00fcritus 2011<\/a>&nbsp;&#8211; P\u00e4rnus, Kuursaalis (17.12.2011)<br \/>\n<a title=\"J\u00f5ulupidu 2011\" href=\"http:\/\/teehead.ee\/Galerii%201\/?page_id=60\">&#8220;Meie pere j\u00f5ulupidu&#8221; 2011<\/a>&nbsp;&#8211;&nbsp;P\u00e4rnus, Spordihallis (27.12.2011)<\/p>\n","protected":false},"excerpt":{"rendered":"<p>2011 aastal korraldasime 3 \u00fcritust: Arvutipiljardi meistriv\u00f5istlused 2011 &#8211; Tallinnas, Tallinna Pol\u00fctehnikumi ruumes (28.05.2011) &#8211; kahjuks ei olnud sel korral aega pilte teha Luulekonkursi &#8220;Sahtlist netti&#8221; l\u00f5pp\u00fcritus 2011&nbsp;&#8211; P\u00e4rnus, Kuursaalis (17.12.2011) &#8220;Meie pere j\u00f5ulupidu&#8221; 2011&nbsp;&#8211;&nbsp;P\u00e4rnus, Spordihallis (27.12.2011)<\/p>\n","protected":false},"author":1,"featured_media":0,"parent":0,"menu_order":18,"comment_status":"open","ping_status":"open","template":"page-templates\/front-page.php","meta":{"ngg_post_thumbnail":0,"footnotes":""},"class_list":["post-45","page","type-page","status-publish","hentry"],"_links":{"self":[{"href":"https:\/\/teehead.ee\/Galerii%201\/index.php?rest_route=\/wp\/v2\/pages\/45","targetHints":{"allow":["GET"]}}],"collection":[{"href":"https:\/\/teehead.ee\/Galerii%201\/index.php?rest_route=\/wp\/v2\/pages"}],"about":[{"href":"https:\/\/teehead.ee\/Galerii%201\/index.php?rest_route=\/wp\/v2\/types\/page"}],"author":[{"embeddable":true,"href":"https:\/\/teehead.ee\/Galerii%201\/index.php?rest_route=\/wp\/v2\/users\/1"}],"replies":[{"embeddable":true,"href":"https:\/\/teehead.ee\/Galerii%201\/index.php?rest_route=%2Fwp%2Fv2%2Fcomments&post=45"}],"version-history":[{"count":5,"href":"https:\/\/teehead.ee\/Galerii%201\/index.php?rest_route=\/wp\/v2\/pages\/45\/revisions"}],"predecessor-version":[{"id":10679,"href":"https:\/\/teehead.ee\/Galerii%201\/index.php?rest_route=\/wp\/v2\/pages\/45\/revisions\/10679"}],"wp:attachment":[{"href":"https:\/\/teehead.ee\/Galerii%201\/index.php?rest_route=%2Fwp%2Fv2%2Fmedia&parent=45"}],"curies":[{"name":"wp","href":"https:\/\/api.w.org\/{rel}","templated":true}]}}