{"id":47,"date":"2013-01-05T09:58:00","date_gmt":"2013-01-05T09:58:00","guid":{"rendered":"http:\/\/teehead.ee\/Galerii%201\/?page_id=47"},"modified":"2020-01-20T20:11:51","modified_gmt":"2020-01-20T20:11:51","slug":"2012-2","status":"publish","type":"page","link":"https:\/\/teehead.ee\/Galerii%201\/?page_id=47","title":{"rendered":"2012"},"content":{"rendered":"<p>2012 aastal korraldasime 2 \u00fcritust:<\/p>\n<p>Lastekaitsep\u00e4ev 2012 &#8211; P\u00e4rnus, Kaubamajaka parklas (02.06.2012)&nbsp;&#8211; kahjuks seal oli meil nii palju tegemist, et piltide tegemiseni ei j\u00f5udnud&#8230;<br \/>\n<a title=\"J\u00f5ulupidu 2012\" href=\"http:\/\/teehead.ee\/Galerii%201\/?page_id=62\">&#8220;Meie pere j\u00f5ulupidu&#8221; 2012<\/a> &#8211; Tallinnas, Kuulsaali ruumes (01.03.2013)&nbsp;&#8211; \u00fcritus toimus 3 jaanuaril 2013, sestap on pildid ka j\u00e4rgmise aasta galeriis<\/p>\n","protected":false},"excerpt":{"rendered":"<p>2012 aastal korraldasime 2 \u00fcritust: Lastekaitsep\u00e4ev 2012 &#8211; P\u00e4rnus, Kaubamajaka parklas (02.06.2012)&nbsp;&#8211; kahjuks seal oli meil nii palju tegemist, et piltide tegemiseni ei j\u00f5udnud&#8230; &#8220;Meie pere j\u00f5ulupidu&#8221; 2012 &#8211; Tallinnas, Kuulsaali ruumes (01.03.2013)&nbsp;&#8211; \u00fcritus toimus 3 jaanuaril 2013, sestap on pildid ka j\u00e4rgmise aasta galeriis<\/p>\n","protected":false},"author":1,"featured_media":0,"parent":0,"menu_order":17,"comment_status":"open","ping_status":"open","template":"page-templates\/front-page.php","meta":{"ngg_post_thumbnail":0,"footnotes":""},"class_list":["post-47","page","type-page","status-publish","hentry"],"_links":{"self":[{"href":"https:\/\/teehead.ee\/Galerii%201\/index.php?rest_route=\/wp\/v2\/pages\/47","targetHints":{"allow":["GET"]}}],"collection":[{"href":"https:\/\/teehead.ee\/Galerii%201\/index.php?rest_route=\/wp\/v2\/pages"}],"about":[{"href":"https:\/\/teehead.ee\/Galerii%201\/index.php?rest_route=\/wp\/v2\/types\/page"}],"author":[{"embeddable":true,"href":"https:\/\/teehead.ee\/Galerii%201\/index.php?rest_route=\/wp\/v2\/users\/1"}],"replies":[{"embeddable":true,"href":"https:\/\/teehead.ee\/Galerii%201\/index.php?rest_route=%2Fwp%2Fv2%2Fcomments&post=47"}],"version-history":[{"count":5,"href":"https:\/\/teehead.ee\/Galerii%201\/index.php?rest_route=\/wp\/v2\/pages\/47\/revisions"}],"predecessor-version":[{"id":10681,"href":"https:\/\/teehead.ee\/Galerii%201\/index.php?rest_route=\/wp\/v2\/pages\/47\/revisions\/10681"}],"wp:attachment":[{"href":"https:\/\/teehead.ee\/Galerii%201\/index.php?rest_route=%2Fwp%2Fv2%2Fmedia&parent=47"}],"curies":[{"name":"wp","href":"https:\/\/api.w.org\/{rel}","templated":true}]}}

<p>2012 aastal korraldasime 2 üritust:</p>
<p>Lastekaitsepäev 2012 &#8211; Pärnus, Kaubamajaka parklas (02.06.2012)&nbsp;&#8211; kahjuks seal oli meil nii palju tegemist, et piltide tegemiseni ei jõudnud&#8230;<br />
<a title="Jõulupidu 2012" href="http://teehead.ee/Galerii%201/?page_id=62">&#8220;Meie pere jõulupidu&#8221; 2012</a> &#8211; Tallinnas, Kuulsaali ruumes (01.03.2013)&nbsp;&#8211; üritus toimus 3 jaanuaril 2013, sestap on pildid ka järgmise aasta galeriis</p>

<p>2012 aastal korraldasime 2 üritust: Lastekaitsepäev 2012 &#8211; Pärnus, Kaubamajaka parklas (02.06.2012)&nbsp;&#8211; kahjuks seal oli meil nii palju tegemist, et piltide tegemiseni ei jõudnud&#8230; &#8220;Meie pere jõulupidu&#8221; 2012 &#8211; Tallinnas, Kuulsaali ruumes (01.03.2013)&nbsp;&#8211; üritus toimus 3 jaanuaril 2013, sestap on pildid ka järgmise aasta galeriis</p>
