{"id":8986,"date":"2017-12-29T14:14:35","date_gmt":"2017-12-29T14:14:35","guid":{"rendered":"http:\/\/teehead.ee\/Galerii%201\/?page_id=8986"},"modified":"2017-12-29T14:31:15","modified_gmt":"2017-12-29T14:31:15","slug":"meie-pere-jouluidu-2017","status":"publish","type":"page","link":"https:\/\/teehead.ee\/Galerii%201\/?page_id=8986","title":{"rendered":"Meie pere j\u00f5ulupidu 2017"},"content":{"rendered":"<p>&#8220;Meie pere j\u00f5ulupidu 2017&#8221; J\u00fcri spordihoones. Fotode autor on&nbsp;<strong>Mark Gabriel<\/strong><\/p>\nngg_shortcode_0_placeholder\n","protected":false},"excerpt":{"rendered":"<p>&#8220;Meie pere j\u00f5ulupidu 2017&#8221; J\u00fcri spordihoones. Fotode autor on&nbsp;Mark Gabriel<\/p>\n","protected":false},"author":1,"featured_media":0,"parent":6713,"menu_order":1,"comment_status":"closed","ping_status":"closed","template":"page-templates\/full-width.php","meta":{"ngg_post_thumbnail":0,"footnotes":""},"class_list":["post-8986","page","type-page","status-publish","hentry"],"_links":{"self":[{"href":"https:\/\/teehead.ee\/Galerii%201\/index.php?rest_route=\/wp\/v2\/pages\/8986","targetHints":{"allow":["GET"]}}],"collection":[{"href":"https:\/\/teehead.ee\/Galerii%201\/index.php?rest_route=\/wp\/v2\/pages"}],"about":[{"href":"https:\/\/teehead.ee\/Galerii%201\/index.php?rest_route=\/wp\/v2\/types\/page"}],"author":[{"embeddable":true,"href":"https:\/\/teehead.ee\/Galerii%201\/index.php?rest_route=\/wp\/v2\/users\/1"}],"replies":[{"embeddable":true,"href":"https:\/\/teehead.ee\/Galerii%201\/index.php?rest_route=%2Fwp%2Fv2%2Fcomments&post=8986"}],"version-history":[{"count":4,"href":"https:\/\/teehead.ee\/Galerii%201\/index.php?rest_route=\/wp\/v2\/pages\/8986\/revisions"}],"predecessor-version":[{"id":8991,"href":"https:\/\/teehead.ee\/Galerii%201\/index.php?rest_route=\/wp\/v2\/pages\/8986\/revisions\/8991"}],"up":[{"embeddable":true,"href":"https:\/\/teehead.ee\/Galerii%201\/index.php?rest_route=\/wp\/v2\/pages\/6713"}],"wp:attachment":[{"href":"https:\/\/teehead.ee\/Galerii%201\/index.php?rest_route=%2Fwp%2Fv2%2Fmedia&parent=8986"}],"curies":[{"name":"wp","href":"https:\/\/api.w.org\/{rel}","templated":true}]}}